.
3
Let h = -68 + 83. Let z(k) = k**2 - 10*k - 69. Let b be z(h). Let m(v) = -v + v**3 - 3*v - 7 - 6*v**2 + 5*v. Determine m(b).
-1
Let i(d) = 5*d - 29. Let m be i(7). Let c(u) = 0 - u + 11 + m - 13. Let z = -3 + 6. What is c(z)?
1
Let d(z) = 50 - 3*z + 5*z**2 + 35 - 80 - z**3. Calculate d(4).
9
Let h(u) = u**2 - 6*u - 7. Let w = 3 + 16. Suppose -5*b + w = -21. Determine h(b).
9
Let b(w) be the first derivative of w**4/2 - 5*w**3/3 - 3*w - 9. Let y be b(3). Let u(v) = v - 7. Give u(y).
-1
Let l(k) = -1 + 3 - 8*k**3 - 3*k**2 + k**2 + 2*k - 3. Calculate l(1).
-9
Let i(o) = o**3 + 2*o**2 + 2*o - 1. Suppose -55*q - 136 + 26 = 0. Calculate i(q).
-5
Let y be (-30)/(-4*1/2). Suppose 0*v + 2*k + 29 = -3*v, 5*k - y = 5*v. Let l(o) = -o - 1. Let g(s) = -s + 2. Let z(j) = -g(j) + 2*l(j). Determine z(v).
3
Let k(z) = -6*z**3 + 15*z**2 - 16*z - 6. Let h(w) = -w**3 + 5*w**2 - w + 1. Let t(y) = 5*h(y) - k(y). What is t(-9)?
-7
Let g(d) = 17*d - 4*d - d - 5 - 9*d. Determine g(10).
25
Let u(m) be the first derivative of -m**4/4 + 8*m**3/3 - m**2 - 2*m - 257. What is u(7)?
33
Let g(k) = 8 + 36*k**3 - 2*k - 61*k**3 + 7*k**2 + 24*k**3 + 2. Let c be 1*(-1)/2*-14. What is g(c)?
-4
Let m(u) = u - 11. Let i be m(16). Suppose 4*r + a = r - 10, i*a + 20 = -5*r. Let c(v) = -4*v - 32 + 30 + 0*v - v**2. Give c(r).
1
Let b(m) be the second derivative of -5*m**4/12 + m**3/6 + m**2/2 + 2*m + 101. What is b(-1)?
-5
Let w(j) = -22*j + 1. Let c be w(1). Let f be (240/(-14))/(-3) - 6/c. Let a(g) = g**2 - 4*g + 4. Determine a(f).
16
Let q(a) = -18*a**2 - 7 - 21*a + 2*a + 2*a**2 + 15*a**2. Determine q(-8).
81
Let i(y) = y**3 - 7*y**2 - 8*y - 5. Suppose 0 = z + 22*z - 184. What is i(z)?
-5
Let o(v) be the first derivative of -3*v**2/2 - 10*v - 385. What is o(-2)?
-4
Let l be (-7)/14 + 10*3/12. Let f(g) = -3*g + 2. What is f(l)?
-4
Let d = 264 + -259. Let q(k) = k**2 - k - 5. Calculate q(d).
15
Let l(x) = -x**3 + 4*x**2 - 4*x + 8. Suppose 0 = 5*g - 2*n - 28, 2*g - 3*n - 31 = -11. What is l(g)?
-8
Let r(i) = -3*i**2 - 9*i - 5. Let y(z) = 2*z**2 + 8*z + 4. Let c(j) = 3*r(j) + 4*y(j). Let s(d) = -d**2 + 8*d - 3. Let k be s(7). What is c(k)?
5
Suppose -212 + 84 = 8*v. Let a(g) = -g**3 - 17*g**2 - 16*g + 2. Give a(v).
2
Let c(b) be the first derivative of b**3/3 + 7*b**2/2 - b + 273. Determine c(-6).
-7
Let u be 0*(1 - 0) + 15. Suppose -k = 4*k - u. Let i(g) = 5*g + 2 - 156*g**2 - 2*g + 154*g**2. What is i(k)?
-7
Let x(c) = -c**3 + 7*c**2 + 8. Let k = -1128 + 1135. Give x(k).
8
Let v(j) = -8 - 18*j**3 - 13*j**3 - 8 + j**2 + 15 + j. What is v(1)?
-30
Let d = 29 - 15. Suppose 2*l = 4*l - d. Let h(u) = -5 + 3 + 4 - u + l. What is h(7)?
2
Let b = 3 - 5. Let w(d) = 5*d + 6. Let y(f) = 4*f + 5. Let g(l) = -5*w(l) + 6*y(l). Calculate g(b).
2
Suppose 12*m - 4 = 16*m. Let t(w) = 3*w**3 + w**2 + 3*w + 2. Give t(m).
-3
Let z be 1/(-2)*(-12)/6. Let t = z + 1. Let g(i) be the first derivative of -i**2/2 - 2*i + 15. What is g(t)?
-4
Let x(o) = o**2 - o + 1. Let l(m) = -3*m**2 - 5*m + 5. Let z(s) = -l(s) - 4*x(s). Suppose 662 = -2*u + 674. Calculate z(u).
9
Let g(h) be the first derivative of h**2/2 + h + 2. Let i = 34 - 27. Suppose -5 - 9 = i*c. Determine g(c).
-1
Let b(p) be the second derivative of p**5/20 + p**4/3 + 2*p**3/3 + p**2 + 3*p + 27. Give b(-3).
-1
Let p(g) = -16*g - 12. Let r(z) = -13*z - 12. Let v(n) = -4*p(n) + 5*r(n). What is v(-4)?
-8
Suppose -z + 4*b + 11 - 3 = 0, -4*z = 3*b - 89. Suppose -z - 50 = -7*d. Let y(c) = c**3 - 11*c**2 + 9*c + 9. Determine y(d).
-1
Let n(p) = 2 + 196*p - 191*p + p**3 - 1 - 7 + 7*p**2. Let l = -6 - -8. Suppose -2*j - 7 = d, 4*j + 4*d - l + 6 = 0. What is n(j)?
0
Let d(c) = -c - 6. Suppose 0 = r - 3*a + 6*a - 1, a = 4*r + 35. What is d(r)?
2
Suppose 0 = -5*x + 12 - 2. Let i be (0/4)/(x - 1). Let o(r) = i*r**2 - 3*r**2 + r + 0*r. What is o(1)?
-2
Let g(k) be the first derivative of -3*k**2 + 36*k + 716. Determine g(8).
-12
Let u(t) be the third derivative of 0*t + 0 + 1/8*t**4 - 1/120*t**5 - 1/240*t**6 + 0*t**3 + 4*t**2. Let f(b) be the second derivative of u(b). Calculate f(-3).
8
Let o(y) = -10*y**2 - 3*y - 3. Suppose -5*f = 0, 14*z - 9*z - 3*f = -10. Calculate o(z).
-37
Let r = -8 - -4. Let w be ((-37)/r - 3)*4. Let g(b) = 13*b**3 + 2 - b + 11*b**3 + 3*b**2 - w*b**3. What is g(3)?
-1
Let l(o) = o. Let n(d) = 6*d - 2. Let v(f) = 5*l(f) - n(f). Determine v(0).
2
Suppose -60*u + 63*u + 3*q + 12 = 0, -5*u + q = 38. Let f(k) = -2*k**2 - 8*k - 2. What is f(u)?
-44
Let a(d) be the third derivative of d**6/60 - 7*d**5/20 - 7*d**4/12 + 25*d**3/6 + 693*d**2. Determine a(11).
-8
Suppose w = -3*m - 12, 4*w - 3 + 7 = -m. Let l(x) be the third derivative of 1/60*x**5 + 1/2*x**3 + 0*x + 1/24*x**4 + 0 + 4*x**2 + 1/120*x**6. What is l(w)?
3
Let w be (1 + -3)*8/(-8). Suppose -w = -2*h + 2. Let d(l) = -l**2 + l + 2. Let c(x) = x**2 - x. Let y(r) = 4*c(r) + d(r). Calculate y(h).
8
Let u(k) = -3*k**3 + 2*k**3 - 91*k + 39*k - k**2 - 1 - 1 + 53*k. Suppose -3 - 1 = 2*w. What is u(w)?
0
Let k(b) = b**2 - 7*b + 1. Suppose 8 = -0*u + 2*u. Suppose u*t + i = -3*i - 52, 0 = -2*t - 5*i - 41. Let h = -2 - t. Calculate k(h).
-5
Let f(c) = c**3 - 5*c**2 + 2*c + 5. Let b(g) = g**3 - 7*g**2 - 3*g + 23. Let n be b(7). Suppose -q + 6 = n. Calculate f(q).
-3
Let f(n) = 12*n - 6*n + 4*n**2 - 1 - 5*n + 10*n**2. Determine f(-2).
53
Let m(i) = i**3 - 16*i**2 + 14*i + 16. Let t be m(15). Let a(w) = 2*w**2 + 7*w**2 - 16*w**2 - 9*w**3 + t + 5*w**2. Give a(-1).
8
Suppose -u + 37 = -5*b, -3*b + 5*u = -2 + 11. Let f be b/(-28) + (-12)/42. Let z(r) = -r**2 - r - 23. Determine z(f).
-23
Let l(f) = -f + 10. Let r be l(0). Let a(c) = r - 5 - 4 - 6 + c. Calculate a(-7).
-12
Let y = -31 - -27. Let t(s) = 5*s - 17. Let u(m) = 3*m - 9. Let h(o) = y*t(o) + 7*u(o). Calculate h(-3).
2
Suppose 5*c + 3 = -2*j + 129, -j + 2*c = -54. Suppose 4*p + 5*s = j, 15 - 108 = -5*p + 4*s. Let z(o) = -5 + p*o**3 + o**2 - 5*o**3 - 2*o + 6 + o**2. Give z(1).
13
Let m be -1*10 + (1 - -2). Let z = -7 - m. Suppose -2*g + z*g = -10. Let r(n) = n + 1. Give r(g).
6
Let o(r) = 2*r**3 + 9*r**2 - 3*r - 8. Let q(t) = 3*t**3 + 8*t**2 - 4*t - 8. Let z(v) = 4*o(v) - 3*q(v). Determine z(12).
-8
Let i(w) = -w**3 + w**2 - w + 9. Let f be i(0). Let s(r) = -1 + 3*r**2 + 0*r**3 - r**3 - f*r**2 - 1. Suppose -34 = 5*l - q, 5*q - 12 = 2*q. Determine s(l).
-2
Let x(j) = j - 2. Let a be (-1)/(((-6)/9 + 1)/(-3)). Calculate x(a).
7
Let q(h) be the first derivative of -h**6/120 - h**5/20 + h**4/24 - 2*h**3/3 + 11*h**2/2 + 3. Let w(d) be the second derivative of q(d). Determine w(-3).
-7
Let y(h) = h**3 - 4*h**2 - 7*h + 5. Suppose -5*f - 62 = 118. Let o = f + 41. Determine y(o).
-5
Let j(n) = n**2 - 3*n**2 + 0*n**2 + 3*n**2 + 5*n - 3. Calculate j(-3).
-9
Let j(t) be the third derivative of t**5/60 - t**4/6 - t**3/6 - 5*t**2 + t. What is j(-3)?
20
Let t be ((-9)/(-18))/(2/8). Let d(z) = z - 3*z + 2 + z**3 + z + t*z**2. Suppose 3*p = -3 - 6. Give d(p).
-4
Suppose 86*b - 764 = 354. Let i(k) = k**2 - 10*k + 8. What is i(b)?
47
Let g = -2 - -1. Let n(l) = l**2 + 1. Let z(u) = 4*u**2 + 5*u - 2. Let c = 159 - 156. Let q(a) = c*n(a) + g*z(a). What is q(-6)?
-1
Let r = -34 - -39. Let c(i) = -5*i**2 - 3*i - 5. Let k(g) = 3*g**2 + 2*g + 3. Let y(m) = r*c(m) + 8*k(m). Calculate y(1).
-1
Let j(b) = -2*b - 7. Let w = 27 + -31. Give j(w).
1
Let s be 2/6 + 2/3. Let k(h) = -7*h - 3*h - 7*h + 35*h - 12*h. Give k(s).
6
Let y(b) = -28. Let u(r) = -r + 2. Let j(z) = 4*u(z) + y(z). What is j(-4)?
-4
Let m(w) = -8*w + 7*w - 5 + 6 - 2. Let g = 4 - -1. Calculate m(g).
-6
Let r(g) be the second derivative of -g**7/630 + g**6/360 + g**5/120 - 5*g**4/2 + 43*g. Let a(d) be the third derivative of r(d). Let o = 2 - 3. What is a(o)?
-5
Let u be 5/(-3) - 66/(-18). Let b(p) = 0*p**u - p**2 - 10*p - 3 + 13*p. Let t be 3/(-2)*(-16)/6. Determine b(t).
-7
Let z(j) = -j**3 - 5*j. Let c(q) = -2*q**3 + q**2 - 7*q. Let o(h) = -2*c(h) + 3*z(h). Let u be (-2)/(1/((-6)/4)). What is o(u)?
6
Let f be (8/(-6))/(6/(-9)). Let r(n) be the first derivative of 0*n**f - n - 2*n**2 + 1 - 2*n + n**2. Calculate r(-3).
3
Let z(c) = c**2 + 4*c + 3. Let k = -47 - -45. Determine z(k).
-1
Let v(r) = -r**2 + 15*r - 49. Let k be v(10). Let q(z) = 6*z**3 - z**2 + 2*z - 1. What is q(k)?
6
Let s(c) = c**3 - 5*c**2 + 4